{"id":63,"date":"2016-03-15T20:37:15","date_gmt":"2016-03-15T20:37:15","guid":{"rendered":"http:\/\/iraven.com.ar\/newsite\/?page_id=63"},"modified":"2016-04-13T12:08:46","modified_gmt":"2016-04-13T12:08:46","slug":"sustentabilidad-y-rse","status":"publish","type":"page","link":"http:\/\/iraven.com.ar\/newsite\/sustentabilidad-y-rse\/","title":{"rendered":"Sustentabilidad y RSE"},"content":{"rendered":"\n\t<div id=\"fws_69f49e76873a7\" data-bg-mobile-hidden=\"\" class=\"wpb_row vc_row-fluid full-width-section standard_section   \"  style=\"padding-top: 5%; padding-bottom: 5%; \"><div class=\"row-bg-wrap\"> <div class=\"row-bg  using-bg-color \" style=\"background-color: #dedede; \"><\/div> <\/div><div class=\"col span_12 dark left\">\n\t<div  class=\"vc_span12 wpb_column column_container col no-extra-padding\"  data-padding-pos=\"all\" data-hover-bg=\"\" data-animation=\"\" data-delay=\"0\">\n\t\t<div class=\"wpb_wrapper\">\n\t\t\t\n\t<div class=\"wpb_text_column wpb_content_element \">\n\t\t<div class=\"wpb_wrapper\">\n\t\t\t<div class=\"destacado_rse\">\n<p style=\"text-align: center;\">Somos una empresa comprometida con el medio ambiente la producci\u00f3n sustentable y con nuestra comunidad.<\/p>\n<\/div>\n\n\t\t<\/div> \n\t<\/div> \n\t\t<\/div> \n\t<\/div> \n<\/div><\/div>\n\t<div id=\"fws_69f49e76879c6\" data-bg-mobile-hidden=\"\" class=\"wpb_row vc_row-fluid standard_section   \"  style=\"padding-top: 3%; padding-bottom: 3%; \"><div class=\"row-bg-wrap\"> <div class=\"row-bg  using-bg-color \" style=\"background-color: #ffffff; \"><\/div> <\/div><div class=\"col span_12 dark left\">\n\t<div  class=\"vc_span6 wpb_column column_container col no-extra-padding\"  data-padding-pos=\"all\" data-hover-bg=\"\" data-animation=\"\" data-delay=\"0\">\n\t\t<div class=\"wpb_wrapper\">\n\t\t\t\n\t<div class=\"wpb_text_column wpb_content_element  texto_generico\">\n\t\t<div class=\"wpb_wrapper\">\n\t\t\t<p>Es asi como nuestros procesos de agricultura, ganaderia y exportaciones, est\u00e1n avalados y certificados por las normas de calidad internacional ISO 9001:2008 . Cumpliendo as\u00ed con los est\u00e1ndares de calidad mundialmente reconocidos en cada uno de nuestros procesos productivos y administrativos.<\/p>\n<p>Estamos certificados con normas RTRS (Round Table Responsible Soy) en nuestra producci\u00f3n de soja, para alcanzar los par\u00e1metros de sustentabilidad y producci\u00f3n responsable que demanda el mundo en el consumo de dicha oleaginosa. De esta forma IRAVEN se proyecta para abastecer la demanda de los mercados mayor exigencia a nivel mundial.<\/p>\n\n\t\t<\/div> \n\t<\/div> \n\t\t<\/div> \n\t<\/div> \n\n\t<div  class=\"vc_span6 wpb_column column_container col no-extra-padding\"  data-padding-pos=\"all\" data-hover-bg=\"\" data-animation=\"\" data-delay=\"0\">\n\t\t<div class=\"wpb_wrapper\">\n\t\t\t\n\t<div class=\"wpb_raw_code wpb_content_element wpb_raw_html\">\n\t\t<div class=\"wpb_wrapper\">\n\t\t\t<div class=\"logos_pdf\">\n\t<div class=\"descarga marginador\">\n    \t<div class=\"logo_sgs\"><\/div>\n    \t<a href=\"http:\/\/iraven.com.ar\/newsite\/wp-content\/uploads\/2016\/03\/IRAVEN-Certificado-RTRS.pdf\" target=\"_blank\"><div class=\"descarga_pdf\"><\/div><\/a>\n        <div style=\"clear: both;\"><\/div>\n    <\/div>\n    \n    <div class=\"descarga\">\n    \t<div class=\"logo_iso\"><\/div>\n    \t<a href=\"http:\/\/iraven.com.ar\/newsite\/wp-content\/uploads\/2016\/03\/Certificado-ISO-9001-2008-renovaci\u00f3n-2015.pdf\" target=\"_blank\"><div class=\"descarga_pdf\"><\/div><\/a>\n        <div style=\"clear: both;\"><\/div>\n    <\/div>\n    \n    <div style=\"clear: both;\"><\/div>\n<\/div>\n\t\t<\/div> \n\t<\/div> \n\t\t<\/div> \n\t<\/div> \n<\/div><\/div>\n\t<div id=\"fws_69f49e7687ea6\" data-bg-mobile-hidden=\"\" class=\"wpb_row vc_row-fluid standard_section   \"  style=\"padding-top: 0px; padding-bottom: 0px; \"><div class=\"row-bg-wrap\"> <div class=\"row-bg   \" style=\"\"><\/div> <\/div><div class=\"col span_12 dark \">\n\t<div  class=\"vc_span12 wpb_column column_container col no-extra-padding\"  data-padding-pos=\"all\" data-hover-bg=\"\" data-animation=\"\" data-delay=\"0\">\n\t\t<div class=\"wpb_wrapper\">\n\t\t\t\n\t<div id=\"fws_69f49e768811a\" data-bg-mobile-hidden=\"\" class=\"wpb_row vc_row-fluid standard_section   \"  style=\"padding-top: 0px; padding-bottom: 0px; \"><div class=\"row-bg-wrap\"> <div class=\"row-bg   \" style=\"\"><\/div> <\/div><div class=\"col span_12  \">\n\t<div  class=\"vc_span12 wpb_column column_container col no-extra-padding\"  data-padding-pos=\"all\" data-hover-bg=\"\" data-animation=\"\" data-delay=\"0\">\n\t\t<div class=\"wpb_wrapper\">\n\t\t\t\n\t<div class=\"wpb_text_column wpb_content_element \">\n\t\t<div class=\"wpb_wrapper\">\n\t\t\t<div class=\"titular\">Responsabilidad Social<\/div>\n<div class=\"separador\"><\/div>\n\n\t\t<\/div> \n\t<\/div> \n\t\t<\/div> \n\t<\/div> \n<\/div><\/div>\n\t<div id=\"fws_69f49e76883ef\" data-bg-mobile-hidden=\"\" class=\"wpb_row vc_row-fluid standard_section   \"  style=\"padding-top: 0px; padding-bottom: 0px; \"><div class=\"row-bg-wrap\"> <div class=\"row-bg   \" style=\"\"><\/div> <\/div><div class=\"col span_12  \">\n\t<div  class=\"vc_span6 wpb_column column_container col no-extra-padding\"  data-padding-pos=\"all\" data-hover-bg=\"\" data-animation=\"\" data-delay=\"0\">\n\t\t<div class=\"wpb_wrapper\">\n\t\t\t\n\t<div class=\"wpb_text_column wpb_content_element  texto_generico\">\n\t\t<div class=\"wpb_wrapper\">\n\t\t\t<p>Bajo la premisa de ejercer \u00a0la responsabilidad social y el compromiso con la comunidad es que en nuestras decisiones estrat\u00e9gicas y en nuestras operaciones diarias,establecemos \u00a0un marco de acci\u00f3n dedicado a la protecci\u00f3n del entorno natural, previendo la mejora del impacto medioambiental,la comunicaci\u00f3n y la cooperaci\u00f3n con las colectividades locales y las autoridades p\u00fablicas.<\/p>\n\n\t\t<\/div> \n\t<\/div> \n\t\t<\/div> \n\t<\/div> \n\n\t<div  class=\"vc_span6 wpb_column column_container col no-extra-padding\"  data-padding-pos=\"all\" data-hover-bg=\"\" data-animation=\"\" data-delay=\"0\">\n\t\t<div class=\"wpb_wrapper\">\n\t\t\t\n\t<div class=\"wpb_text_column wpb_content_element  texto_generico\">\n\t\t<div class=\"wpb_wrapper\">\n\t\t\t<p>Para lograr estos objetivos nos acercamos a las distintas instituciones y ONG de Venado Tuerto y la regi\u00f3n, donde desarrollamos nuestras actividades, para colaborar y participar en distintos programas educativos y \u00a0que nos permitan ayudar a fomentar el uso sustentable de los recursos naturales; como tambien colaboramos econ\u00f3micamente para hacer realidad necesidades de nuestra comunidad.<\/p>\n\n\t\t<\/div> \n\t<\/div> \n\t\t<\/div> \n\t<\/div> \n<\/div><\/div>\n\t\t<\/div> \n\t<\/div> \n<\/div><\/div>\n","protected":false},"excerpt":{"rendered":"Somos una empresa comprometida con el medio ambiente la producci\u00f3n sustentable y con nuestra comunidad. Es asi como nuestros procesos de agricultura, ganaderia y exportaciones, est\u00e1n avalados y certificados por...","protected":false},"author":1,"featured_media":0,"parent":0,"menu_order":0,"comment_status":"closed","ping_status":"closed","template":"","meta":{"footnotes":""},"class_list":["post-63","page","type-page","status-publish","hentry"],"_links":{"self":[{"href":"http:\/\/iraven.com.ar\/newsite\/wp-json\/wp\/v2\/pages\/63"}],"collection":[{"href":"http:\/\/iraven.com.ar\/newsite\/wp-json\/wp\/v2\/pages"}],"about":[{"href":"http:\/\/iraven.com.ar\/newsite\/wp-json\/wp\/v2\/types\/page"}],"author":[{"embeddable":true,"href":"http:\/\/iraven.com.ar\/newsite\/wp-json\/wp\/v2\/users\/1"}],"replies":[{"embeddable":true,"href":"http:\/\/iraven.com.ar\/newsite\/wp-json\/wp\/v2\/comments?post=63"}],"version-history":[{"count":20,"href":"http:\/\/iraven.com.ar\/newsite\/wp-json\/wp\/v2\/pages\/63\/revisions"}],"predecessor-version":[{"id":419,"href":"http:\/\/iraven.com.ar\/newsite\/wp-json\/wp\/v2\/pages\/63\/revisions\/419"}],"wp:attachment":[{"href":"http:\/\/iraven.com.ar\/newsite\/wp-json\/wp\/v2\/media?parent=63"}],"curies":[{"name":"wp","href":"https:\/\/api.w.org\/{rel}","templated":true}]}}

<div id="fws_69f49e76873a7" data-bg-mobile-hidden="" class="wpb_row vc_row-fluid full-width-section standard_section   "  style="padding-top: 5%; padding-bottom: 5%; "><div class="row-bg-wrap"> <div class="row-bg  using-bg-color " style="background-color: #dedede; "></div> </div><div class="col span_12 dark left">
	<div  class="vc_span12 wpb_column column_container col no-extra-padding"  data-padding-pos="all" data-hover-bg="" data-animation="" data-delay="0">
		<div class="wpb_wrapper">
			
	<div class="wpb_text_column wpb_content_element ">
		<div class="wpb_wrapper">
			<div class="destacado_rse">
<p style="text-align: center;">Somos una empresa comprometida con el medio ambiente la producción sustentable y con nuestra comunidad.</p>
</div>

		</div> 
	</div> 
		</div> 
	</div> 
</div></div>
	<div id="fws_69f49e76879c6" data-bg-mobile-hidden="" class="wpb_row vc_row-fluid standard_section   "  style="padding-top: 3%; padding-bottom: 3%; "><div class="row-bg-wrap"> <div class="row-bg  using-bg-color " style="background-color: #ffffff; "></div> </div><div class="col span_12 dark left">
	<div  class="vc_span6 wpb_column column_container col no-extra-padding"  data-padding-pos="all" data-hover-bg="" data-animation="" data-delay="0">
		<div class="wpb_wrapper">
			
	<div class="wpb_text_column wpb_content_element  texto_generico">
		<div class="wpb_wrapper">
			<p>Es asi como nuestros procesos de agricultura, ganaderia y exportaciones, están avalados y certificados por las normas de calidad internacional ISO 9001:2008 . Cumpliendo así con los estándares de calidad mundialmente reconocidos en cada uno de nuestros procesos productivos y administrativos.</p>
<p>Estamos certificados con normas RTRS (Round Table Responsible Soy) en nuestra producción de soja, para alcanzar los parámetros de sustentabilidad y producción responsable que demanda el mundo en el consumo de dicha oleaginosa. De esta forma IRAVEN se proyecta para abastecer la demanda de los mercados mayor exigencia a nivel mundial.</p>

		</div> 
	</div> 
		</div> 
	</div> 

	<div  class="vc_span6 wpb_column column_container col no-extra-padding"  data-padding-pos="all" data-hover-bg="" data-animation="" data-delay="0">
		<div class="wpb_wrapper">
			
	<div class="wpb_raw_code wpb_content_element wpb_raw_html">
		<div class="wpb_wrapper">
			<div class="logos_pdf">
	<div class="descarga marginador">
    	<div class="logo_sgs"></div>
    	<a href="http://iraven.com.ar/newsite/wp-content/uploads/2016/03/IRAVEN-Certificado-RTRS.pdf" target="_blank"><div class="descarga_pdf"></div></a>
        <div style="clear: both;"></div>
    </div>
    
    <div class="descarga">
    	<div class="logo_iso"></div>
    	<a href="http://iraven.com.ar/newsite/wp-content/uploads/2016/03/Certificado-ISO-9001-2008-renovación-2015.pdf" target="_blank"><div class="descarga_pdf"></div></a>
        <div style="clear: both;"></div>
    </div>
    
    <div style="clear: both;"></div>
</div>
		</div> 
	</div> 
		</div> 
	</div> 
</div></div>
	<div id="fws_69f49e7687ea6" data-bg-mobile-hidden="" class="wpb_row vc_row-fluid standard_section   "  style="padding-top: 0px; padding-bottom: 0px; "><div class="row-bg-wrap"> <div class="row-bg   " style=""></div> </div><div class="col span_12 dark ">
	<div  class="vc_span12 wpb_column column_container col no-extra-padding"  data-padding-pos="all" data-hover-bg="" data-animation="" data-delay="0">
		<div class="wpb_wrapper">
			
	<div id="fws_69f49e768811a" data-bg-mobile-hidden="" class="wpb_row vc_row-fluid standard_section   "  style="padding-top: 0px; padding-bottom: 0px; "><div class="row-bg-wrap"> <div class="row-bg   " style=""></div> </div><div class="col span_12  ">
	<div  class="vc_span12 wpb_column column_container col no-extra-padding"  data-padding-pos="all" data-hover-bg="" data-animation="" data-delay="0">
		<div class="wpb_wrapper">
			
	<div class="wpb_text_column wpb_content_element ">
		<div class="wpb_wrapper">
			<div class="titular">Responsabilidad Social</div>
<div class="separador"></div>

		</div> 
	</div> 
		</div> 
	</div> 
</div></div>
	<div id="fws_69f49e76883ef" data-bg-mobile-hidden="" class="wpb_row vc_row-fluid standard_section   "  style="padding-top: 0px; padding-bottom: 0px; "><div class="row-bg-wrap"> <div class="row-bg   " style=""></div> </div><div class="col span_12  ">
	<div  class="vc_span6 wpb_column column_container col no-extra-padding"  data-padding-pos="all" data-hover-bg="" data-animation="" data-delay="0">
		<div class="wpb_wrapper">
			
	<div class="wpb_text_column wpb_content_element  texto_generico">
		<div class="wpb_wrapper">
			<p>Bajo la premisa de ejercer  la responsabilidad social y el compromiso con la comunidad es que en nuestras decisiones estratégicas y en nuestras operaciones diarias,establecemos  un marco de acción dedicado a la protección del entorno natural, previendo la mejora del impacto medioambiental,la comunicación y la cooperación con las colectividades locales y las autoridades públicas.</p>

		</div> 
	</div> 
		</div> 
	</div> 

	<div  class="vc_span6 wpb_column column_container col no-extra-padding"  data-padding-pos="all" data-hover-bg="" data-animation="" data-delay="0">
		<div class="wpb_wrapper">
			
	<div class="wpb_text_column wpb_content_element  texto_generico">
		<div class="wpb_wrapper">
			<p>Para lograr estos objetivos nos acercamos a las distintas instituciones y ONG de Venado Tuerto y la región, donde desarrollamos nuestras actividades, para colaborar y participar en distintos programas educativos y  que nos permitan ayudar a fomentar el uso sustentable de los recursos naturales; como tambien colaboramos económicamente para hacer realidad necesidades de nuestra comunidad.</p>

		</div> 
	</div> 
		</div> 
	</div> 
</div></div>
		</div> 
	</div> 
</div></div>

Somos una empresa comprometida con el medio ambiente la producción sustentable y con nuestra comunidad. Es asi como nuestros procesos de agricultura, ganaderia y exportaciones, están avalados y certificados por...
